)/(-12) - (-2)/t. Let m(u) = -u - 3. Let y be m(-8). Calculate the highest common divisor of a and y.
5
Let c(h) = 17*h**2 + 4. Let l be c(-2). What is the greatest common divisor of 18 and l?
18
Suppose -3*q - 3*x = -99, -2*q + 4*x - 5*x = -64. Calculate the highest common divisor of 341 and q.
31
Let n be (-1)/(-2)*14*5. Suppose -16 = -3*p - l, 5 = -5*l + 10. Calculate the highest common factor of n and p.
5
Let x = 18 - 6. Let c be 4/(-6) - (-8)/x. Suppose c = f + f - 112. Calculate the greatest common factor of f and 8.
8
Let n = -11 - -26. Let p = 11 + n. Calculate the greatest common divisor of p and 65.
13
Let p be (-24)/(-2) + (-2 - 1)*1. What is the highest common divisor of 36 and p?
9
Let u = 49 + -16. Suppose -9*x = 66 - 264. Calculate the greatest common divisor of x and u.
11
Suppose 0 = 4*m + 3*b - 49, 4*m - 2*b - 108 = -34. What is the greatest common divisor of 40 and m?
8
Let s = 217 - 77. Calculate the greatest common divisor of s and 20.
20
Suppose 0 = 2*o - 4*c - 180, 2*o + o + 4*c = 310. Calculate the highest common divisor of o and 14.
14
Suppose 10*o - 104 = 2*o. What is the highest common factor of 117 and o?
13
Let f be (-1 - 41)*4/(-6). Let p(g) = g - 1. Let j be p(5). What is the greatest common factor of f and j?
4
Suppose -4*n + n = -363. Suppose -i + 4*l + 72 = 4*i, 24 = i + 4*l. Let m = i + -5. Calculate the highest common divisor of n and m.
11
Suppose 0 = 5*j - 58 - 2. Calculate the highest common factor of j and 132.
12
Let v(i) = i + 7. Let c be v(0). Let l(m) = -1 + 2 - 7 - 1 + 5*m. Let o be l(7). What is the highest common factor of o and c?
7
Let p = -13 - -21. Calculate the greatest common factor of p and 88.
8
Suppose 0*p = 4*p - 4. Let v be 40*(p/5 - -1). Let r = 79 - 67. What is the greatest common divisor of r and v?
12
Suppose -4*o - 1 = f, 0*o - 28 = -3*o + 5*f. Let l be o*15/(6/2). What is the highest common divisor of 1 and l?
1
Let x(l) = l**3 + 6*l**2 - l + 4. Let k be x(-6). Calculate the highest common factor of k and 10.
10
Suppose -3*a - 33 = -7*p + 4*p, a = -5*p + 49. Calculate the highest common divisor of p and 25.
5
Let t(p) = -14*p**3 + p. Let g be t(-1). Let w be (4/(-6))/((-6)/1287). Calculate the greatest common factor of g and w.
13
Let g = 92 - -7. Let j be (-32)/(-5) + (-12)/30. Suppose 0 = 9*t - j*t - 33. What is the highest common factor of g and t?
11
Let o(v) = -v**3 - 7*v**2 + 9*v + 3. Let y be o(-7). Let g be (7/(-4))/(5/y). What is the greatest common factor of 3 and g?
3
Let v be 4/(-3)*3*-8. Calculate the greatest common factor of 128 and v.
32
Let b be (1/2)/(8/416). Calculate the greatest common divisor of b and 182.
26
Suppose -h + 4*m + 15 = 0, -4*m - 6 = 3*h + m. Calculate the greatest common factor of h and 24.
3
Let k = 10 - -11. Calculate the greatest common divisor of k and 7.
7
Let s be (-20)/(-6)*36/15. What is the highest common factor of s and 64?
8
Let k(q) = -2*q - 2. Let y = -2 + -1. Let m = -5 + y. Let s be k(m). What is the highest common factor of 154 and s?
14
Suppose -5*c + 61 + 14 = 0. What is the greatest common factor of 6 and c?
3
Suppose -134 = -3*b + q, 0*b = 5*b + q - 226. Calculate the greatest common factor of b and 18.
9
Suppose -9*t - 480 = -13*t. Let v(m) = 2*m**2 - 3*m - 5. Let n be v(4). Calculate the highest common divisor of n and t.
15
Suppose -10 = -j - 4*j. Calculate the greatest common divisor of 32 and j.
2
Suppose 0*p = p, 2*o + 5*p - 64 = 0. Suppose 2*u - z = 7, 4*u = 5*u - 3*z - 1. Suppose -99 - 221 = -u*q. What is the greatest common factor of o and q?
16
Let t = -93 + 147. Calculate the highest common divisor of 18 and t.
18
Let d = 64 - -13. Calculate the highest common divisor of d and 7.
7
Suppose -3*j = -y + 9, -35 = -5*y + 2*j + 3*j. Suppose -6*l + 3*l = -y. Let m(v) = 4*v - 6. Let s be m(6). What is the greatest common factor of l and s?
2
Let a = 14 - -7. Let r be (-115)/(-2) - (-1)/(-2). Let z = r - a. Calculate the highest common divisor of z and 90.
18
Let v(i) = 46*i + 2. Let n be v(3). What is the highest common factor of n and 20?
20
Let d(f) = -f**3 - 3*f**2 - f + 2. Let p be d(-2). Suppose -o + 3*x + 94 = 3*o, -o - 4*x + 14 = p. Calculate the highest common factor of o and 22.
22
Let r = 442 + -181. Calculate the greatest common factor of 29 and r.
29
Let f be (4/6)/(2/6). Let y = 34 - 26. Calculate the highest common divisor of y and f.
2
Let p(b) = 2*b + 3. Let k be p(-13). Let s = -14 - k. What is the greatest common divisor of 9 and s?
9
Let z(i) = i - 10. Let g be z(-5). Let m be (g/9)/(1/(-24)). What is the greatest common factor of 60 and m?
20
Suppose -7 = 17*c - 721. Suppose -5*o + o + 20 = 0. Suppose -4*i = -8, o*m - 41 = -5*i - 1. What is the highest common factor of c and m?
6
Let w = 54 + -30. Let r be (3/(-2))/((-3)/24). Calculate the highest common divisor of r and w.
12
Let h = -227 - -371. Calculate the greatest common divisor of 16 and h.
16
Suppose 127 + 9 = 2*a. Calculate the highest common divisor of a and 170.
34
Let d(c) = -c**2 + 8*c - 14. Let n be d(4). Calculate the greatest common divisor of n and 10.
2
Suppose 4*r = -5*z + r + 41, 4*r = -z + 15. Let g = -4 - -2. Let d be (g + 3)/(1/7). What is the greatest common divisor of z and d?
7
Let k = -33 - -97. What is the greatest common factor of k and 8?
8
Let w be ((-66)/(-77))/(1/7). Calculate the highest common divisor of 15 and w.
3
Suppose 3*u = -u + 3*m - 76, -60 = 2*u + 4*m. Let r = u + 34. What is the highest common factor of r and 36?
12
Let k(x) = -x**2 + 11*x + 6. Let d be k(11). Let w be ((-12)/9)/(d/(-9)). What is the highest common factor of w and 5?
1
Let s be (29 - (-2 + 1))*(-28)/(-10). What is the greatest common factor of 126 and s?
42
Let o(s) = -3*s - 31. Let a be o(-11). Calculate the highest common divisor of 5 and a.
1
Suppose 2*o - 177 = -13. Let t = -26 + o. Let h(f) = f**2 + 3*f - 4. Let w be h(3). Calculate the greatest common divisor of t and w.
14
Let w(l) = -l + 33. Let f be w(0). Let v = -25 + 36. Calculate the highest common divisor of v and f.
11
Let r = -15 - -29. Suppose 5*s = 111 - 41. What is the greatest common factor of r and s?
14
Let c = 14 - -21. What is the greatest common factor of c and 5?
5
Suppose 3*o + 0*o - 3*z = 279, 5*o - 441 = -3*z. Calculate the greatest common divisor of o and 60.
30
Let u(o) = -o**3 + 13*o**2 + 4*o - 16. Let g be u(13). Calculate the greatest common factor of g and 396.
36
Let y(i) = -i**2 + 5*i - 1. Let z be y(6). Let v = z - -4. Let x be (-14)/21 + (-92)/v. Calculate the highest common factor of 75 and x.
15
Let j be 0 + 0 + -2 + 14. Suppose 0 = 3*k - 55 + 19. Calculate the greatest common divisor of j and k.
12
Suppose -51 = -3*b + 105. Calculate the greatest common divisor of b and 26.
26
Suppose 4*g + 18 = -2*o, -g - 23 = 3*o - 6. Let z(m) = -6*m. Let c be z(o). Suppose 0 = 6*n - 2*n - 24. Calculate the highest common factor of n and c.
6
Suppose -5*y + 0 - 22 = 2*o, 4*y = -2*o - 16. Let k be y/12*(0 + -6). Suppose 2*t = -k*t + 135. Calculate the greatest common divisor of 18 and t.
9
Let v be (-6)/(12/(-9) + 1). What is the greatest common factor of 180 and v?
18
Let u(z) = 3*z + z + 3 + 13*z**2 - 5*z**2 + 2*z**3 - z**3. Let k be u(-6). What is the highest common factor of 17 and k?
17
Let f be (0 - -3)*(1 + 1). Let k = -3 + f. Suppose -k*l + 7*l = 44. Calculate the highest common divisor of l and 1.
1
Suppose 45 = c + 2*c. Calculate the highest common divisor of c and 75.
15
Suppose -3*r - 4*y = y - 179, -r + 67 = -2*y. Let h = -79 - -86. What is the highest common divisor of r and h?
7
Let d = 29 + -15. Let w(a) = 29*a - 1. Let f be w(1). Calculate the highest common divisor of f and d.
14
Let p(f) = f - 5. Let d be p(0). Let j = d + 11. Let r be (0 - 2 - 0) + j. What is the highest common divisor of r and 44?
4
Suppose -3*r = 39 - 687. What is the highest common factor of r and 24?
24
Let z = 9 - 5. Let m(q) = -z - 1 + 2*q**2 + 5. Let w be m(-2). What is the greatest common factor of 24 and w?
8
Let l(v) = -v**3 + 8*v**2 - 8*v. Let d be (0 + 2 - 2) + 6. Let b be l(d). What is the highest common divisor of 8 and b?
8
Let b(o) = o + 10. Let t be b(-8). Suppose -t*q + 4*p - 8 = 0, -q = -5*q - 3*p - 5. Let v be ((-6)/3)/(q/4). Calculate the greatest common